{"id":4916,"date":"2023-12-18T12:00:22","date_gmt":"2023-12-18T12:00:22","guid":{"rendered":"https:\/\/www.smj.fo\/project\/dagforing-og-vidkan-av-kringvarp-foroya\/"},"modified":"2024-03-14T09:19:15","modified_gmt":"2024-03-14T09:19:15","slug":"dagforing-og-vidkan-av-kringvarp-foroya","status":"publish","type":"project","link":"https:\/\/www.smj.fo\/da\/project\/dagforing-og-vidkan-av-kringvarp-foroya\/","title":{"rendered":"Opdatering og udvidelse af Kringvarp F\u00f8roya"},"content":{"rendered":"\n<div class=\"wp-block-columns is-layout-flex wp-container-core-columns-is-layout-9d6595d7 wp-block-columns-is-layout-flex\">\n<div class=\"wp-block-column is-layout-flow wp-block-column-is-layout-flow\">\n<p>Der er tale om en om- og udbygning af bygningen i Sortud\u00fdki for Kringvarp F\u00f8roya.<\/p>\n\n\n\n<p>Som led i sammenl\u00e6gningen af Sj\u00f3nvarp F\u00f8roya og \u00datvarp F\u00f8roya, blev den eksisterende bygning i Sortud\u00fdki omstruktureret og indrettet p\u00e5 ny, ligesom den eksisterende bygning udvidedes. Der er tale om en administrationsbygning og en produktionsbygning, som stiller h\u00f8je krav til lydforhold.<\/p>\n<\/div>\n\n\n\n<div class=\"wp-block-column is-layout-flow wp-block-column-is-layout-flow\">\n<div id=\"details_block_0b9610097b60ff37868c77a1e2e4b02f\" class=\"lunnar-details\">\n\n    \n\n                        <div class=\"detail-row\">\n                <div class=\"detail-title\">\n                    \u00c5rstal                <\/div>\n\n                <div class=\"detail-value\">\n                    2013                <\/div>\n            <\/div>\n                    <div class=\"detail-row\">\n                <div class=\"detail-title\">\n                    Bygherre                <\/div>\n\n                <div class=\"detail-value\">\n                    Landsverk                <\/div>\n            <\/div>\n                    <div class=\"detail-row\">\n                <div class=\"detail-title\">\n                    R\u00e5dgivere                <\/div>\n\n                <div class=\"detail-value\">\n                    Kontrast, LBF og SMJ                <\/div>\n            <\/div>\n            <\/div><\/div>\n<\/div>\n\n\n\n<div style=\"height:100px\" aria-hidden=\"true\" class=\"wp-block-spacer\"><\/div>\n\n\n\n<div class=\"wp-block-columns is-layout-flex wp-container-core-columns-is-layout-9d6595d7 wp-block-columns-is-layout-flex\">\n<div class=\"wp-block-column is-vertically-aligned-center is-layout-flow wp-block-column-is-layout-flow\">\n<h2 class=\"wp-block-heading\">Vil du vide mere?<\/h2>\n\n\n\n<p>Hvis du \u00f8nsker at vide mere om projektet, eller hvis du har lyst til en snak med en af vores medarbejdere, er du velkommen til at kontakte os.<\/p>\n\n\n\n<div class=\"wp-block-buttons is-layout-flex wp-block-buttons-is-layout-flex\">\n<div class=\"wp-block-button\"><a class=\"wp-block-button__link has-white-color has-fresh-green-background-color has-text-color has-background has-link-color wp-element-button\">Ring 23 35 25<\/a><\/div>\n\n\n\n<div class=\"wp-block-button is-style-outline is-style-outline--1\"><a class=\"wp-block-button__link has-dark-color has-text-color has-link-color wp-element-button\" href=\"ana@smj.fo\">Kontakt<\/a><\/div>\n<\/div>\n<\/div>\n\n\n\n<div class=\"wp-block-column is-layout-flow wp-block-column-is-layout-flow\"><\/div>\n\n\n\n<div class=\"wp-block-column is-layout-flow wp-block-column-is-layout-flow\">\n<div id=\"employees_block_b0a5a54c9ead68e15ebe69137141e256\" class=\"lunnar-employees \">\n\n    \n    <\/div><\/div>\n<\/div>\n\n\n\n<div style=\"height:100px\" aria-hidden=\"true\" class=\"wp-block-spacer\"><\/div>\n","protected":false},"featured_media":2004,"template":"","country":[155],"project_category":[73,114],"class_list":["post-4916","project","type-project","status-publish","has-post-thumbnail","hentry","country-faeroerne","project_category-byggeri","project_category-bygging-da"],"acf":[],"yoast_head":"<!-- This site is optimized with the Yoast SEO plugin v27.5 - https:\/\/yoast.com\/product\/yoast-seo-wordpress\/ -->\n<title>Opdatering og udvidelse af Kringvarp F\u00f8roya - SMJ<\/title>\n<meta name=\"robots\" content=\"index, follow, max-snippet:-1, max-image-preview:large, max-video-preview:-1\" \/>\n<link rel=\"canonical\" href=\"https:\/\/www.smj.fo\/da\/project\/dagforing-og-vidkan-av-kringvarp-foroya\/\" \/>\n<meta property=\"og:locale\" content=\"da_DK\" \/>\n<meta property=\"og:type\" content=\"article\" \/>\n<meta property=\"og:title\" content=\"Opdatering og udvidelse af Kringvarp F\u00f8roya - SMJ\" \/>\n<meta property=\"og:description\" content=\"Der er tale om en om- og udbygning af bygningen i Sortud\u00fdki for Kringvarp F\u00f8roya. Som led i sammenl\u00e6gningen af Sj\u00f3nvarp F\u00f8roya og \u00datvarp F\u00f8roya, blev den eksisterende bygning i Sortud\u00fdki omstruktureret og indrettet p\u00e5 ny, ligesom den eksisterende bygning udvidedes. Der er tale om en administrationsbygning og en produktionsbygning, som stiller h\u00f8je krav til [&hellip;]\" \/>\n<meta property=\"og:url\" content=\"https:\/\/www.smj.fo\/da\/project\/dagforing-og-vidkan-av-kringvarp-foroya\/\" \/>\n<meta property=\"og:site_name\" content=\"SMJ\" \/>\n<meta property=\"article:modified_time\" content=\"2024-03-14T09:19:15+00:00\" \/>\n<meta property=\"og:image\" content=\"http:\/\/www.smj.fo\/wp-content\/uploads\/2023\/12\/Kringvarp_Foroya_building.jpg\" \/>\n\t<meta property=\"og:image:width\" content=\"600\" \/>\n\t<meta property=\"og:image:height\" content=\"400\" \/>\n\t<meta property=\"og:image:type\" content=\"image\/jpeg\" \/>\n<meta name=\"twitter:card\" content=\"summary_large_image\" \/>\n<meta name=\"twitter:label1\" content=\"Estimeret l\u00e6setid\" \/>\n\t<meta name=\"twitter:data1\" content=\"1 minut\" \/>\n<script type=\"application\/ld+json\" class=\"yoast-schema-graph\">{\"@context\":\"https:\\\/\\\/schema.org\",\"@graph\":[{\"@type\":\"WebPage\",\"@id\":\"https:\\\/\\\/www.smj.fo\\\/da\\\/project\\\/dagforing-og-vidkan-av-kringvarp-foroya\\\/\",\"url\":\"https:\\\/\\\/www.smj.fo\\\/da\\\/project\\\/dagforing-og-vidkan-av-kringvarp-foroya\\\/\",\"name\":\"Opdatering og udvidelse af Kringvarp F\u00f8roya - SMJ\",\"isPartOf\":{\"@id\":\"https:\\\/\\\/www.smj.fo\\\/da\\\/#website\"},\"primaryImageOfPage\":{\"@id\":\"https:\\\/\\\/www.smj.fo\\\/da\\\/project\\\/dagforing-og-vidkan-av-kringvarp-foroya\\\/#primaryimage\"},\"image\":{\"@id\":\"https:\\\/\\\/www.smj.fo\\\/da\\\/project\\\/dagforing-og-vidkan-av-kringvarp-foroya\\\/#primaryimage\"},\"thumbnailUrl\":\"https:\\\/\\\/www.smj.fo\\\/wp-content\\\/uploads\\\/2023\\\/12\\\/Kringvarp_Foroya_building.jpg\",\"datePublished\":\"2023-12-18T12:00:22+00:00\",\"dateModified\":\"2024-03-14T09:19:15+00:00\",\"breadcrumb\":{\"@id\":\"https:\\\/\\\/www.smj.fo\\\/da\\\/project\\\/dagforing-og-vidkan-av-kringvarp-foroya\\\/#breadcrumb\"},\"inLanguage\":\"da-DK\",\"potentialAction\":[{\"@type\":\"ReadAction\",\"target\":[\"https:\\\/\\\/www.smj.fo\\\/da\\\/project\\\/dagforing-og-vidkan-av-kringvarp-foroya\\\/\"]}]},{\"@type\":\"ImageObject\",\"inLanguage\":\"da-DK\",\"@id\":\"https:\\\/\\\/www.smj.fo\\\/da\\\/project\\\/dagforing-og-vidkan-av-kringvarp-foroya\\\/#primaryimage\",\"url\":\"https:\\\/\\\/www.smj.fo\\\/wp-content\\\/uploads\\\/2023\\\/12\\\/Kringvarp_Foroya_building.jpg\",\"contentUrl\":\"https:\\\/\\\/www.smj.fo\\\/wp-content\\\/uploads\\\/2023\\\/12\\\/Kringvarp_Foroya_building.jpg\",\"width\":600,\"height\":400},{\"@type\":\"BreadcrumbList\",\"@id\":\"https:\\\/\\\/www.smj.fo\\\/da\\\/project\\\/dagforing-og-vidkan-av-kringvarp-foroya\\\/#breadcrumb\",\"itemListElement\":[{\"@type\":\"ListItem\",\"position\":1,\"name\":\"Home\",\"item\":\"https:\\\/\\\/www.smj.fo\\\/da\\\/\"},{\"@type\":\"ListItem\",\"position\":2,\"name\":\"Opdatering og udvidelse af Kringvarp F\u00f8roya\"}]},{\"@type\":\"WebSite\",\"@id\":\"https:\\\/\\\/www.smj.fo\\\/da\\\/#website\",\"url\":\"https:\\\/\\\/www.smj.fo\\\/da\\\/\",\"name\":\"SMJ\",\"description\":\"\",\"potentialAction\":[{\"@type\":\"SearchAction\",\"target\":{\"@type\":\"EntryPoint\",\"urlTemplate\":\"https:\\\/\\\/www.smj.fo\\\/da\\\/?s={search_term_string}\"},\"query-input\":{\"@type\":\"PropertyValueSpecification\",\"valueRequired\":true,\"valueName\":\"search_term_string\"}}],\"inLanguage\":\"da-DK\"}]}<\/script>\n<!-- \/ Yoast SEO plugin. -->","yoast_head_json":{"title":"Opdatering og udvidelse af Kringvarp F\u00f8roya - SMJ","robots":{"index":"index","follow":"follow","max-snippet":"max-snippet:-1","max-image-preview":"max-image-preview:large","max-video-preview":"max-video-preview:-1"},"canonical":"https:\/\/www.smj.fo\/da\/project\/dagforing-og-vidkan-av-kringvarp-foroya\/","og_locale":"da_DK","og_type":"article","og_title":"Opdatering og udvidelse af Kringvarp F\u00f8roya - SMJ","og_description":"Der er tale om en om- og udbygning af bygningen i Sortud\u00fdki for Kringvarp F\u00f8roya. Som led i sammenl\u00e6gningen af Sj\u00f3nvarp F\u00f8roya og \u00datvarp F\u00f8roya, blev den eksisterende bygning i Sortud\u00fdki omstruktureret og indrettet p\u00e5 ny, ligesom den eksisterende bygning udvidedes. Der er tale om en administrationsbygning og en produktionsbygning, som stiller h\u00f8je krav til [&hellip;]","og_url":"https:\/\/www.smj.fo\/da\/project\/dagforing-og-vidkan-av-kringvarp-foroya\/","og_site_name":"SMJ","article_modified_time":"2024-03-14T09:19:15+00:00","og_image":[{"width":600,"height":400,"url":"http:\/\/www.smj.fo\/wp-content\/uploads\/2023\/12\/Kringvarp_Foroya_building.jpg","type":"image\/jpeg"}],"twitter_card":"summary_large_image","twitter_misc":{"Estimeret l\u00e6setid":"1 minut"},"schema":{"@context":"https:\/\/schema.org","@graph":[{"@type":"WebPage","@id":"https:\/\/www.smj.fo\/da\/project\/dagforing-og-vidkan-av-kringvarp-foroya\/","url":"https:\/\/www.smj.fo\/da\/project\/dagforing-og-vidkan-av-kringvarp-foroya\/","name":"Opdatering og udvidelse af Kringvarp F\u00f8roya - SMJ","isPartOf":{"@id":"https:\/\/www.smj.fo\/da\/#website"},"primaryImageOfPage":{"@id":"https:\/\/www.smj.fo\/da\/project\/dagforing-og-vidkan-av-kringvarp-foroya\/#primaryimage"},"image":{"@id":"https:\/\/www.smj.fo\/da\/project\/dagforing-og-vidkan-av-kringvarp-foroya\/#primaryimage"},"thumbnailUrl":"https:\/\/www.smj.fo\/wp-content\/uploads\/2023\/12\/Kringvarp_Foroya_building.jpg","datePublished":"2023-12-18T12:00:22+00:00","dateModified":"2024-03-14T09:19:15+00:00","breadcrumb":{"@id":"https:\/\/www.smj.fo\/da\/project\/dagforing-og-vidkan-av-kringvarp-foroya\/#breadcrumb"},"inLanguage":"da-DK","potentialAction":[{"@type":"ReadAction","target":["https:\/\/www.smj.fo\/da\/project\/dagforing-og-vidkan-av-kringvarp-foroya\/"]}]},{"@type":"ImageObject","inLanguage":"da-DK","@id":"https:\/\/www.smj.fo\/da\/project\/dagforing-og-vidkan-av-kringvarp-foroya\/#primaryimage","url":"https:\/\/www.smj.fo\/wp-content\/uploads\/2023\/12\/Kringvarp_Foroya_building.jpg","contentUrl":"https:\/\/www.smj.fo\/wp-content\/uploads\/2023\/12\/Kringvarp_Foroya_building.jpg","width":600,"height":400},{"@type":"BreadcrumbList","@id":"https:\/\/www.smj.fo\/da\/project\/dagforing-og-vidkan-av-kringvarp-foroya\/#breadcrumb","itemListElement":[{"@type":"ListItem","position":1,"name":"Home","item":"https:\/\/www.smj.fo\/da\/"},{"@type":"ListItem","position":2,"name":"Opdatering og udvidelse af Kringvarp F\u00f8roya"}]},{"@type":"WebSite","@id":"https:\/\/www.smj.fo\/da\/#website","url":"https:\/\/www.smj.fo\/da\/","name":"SMJ","description":"","potentialAction":[{"@type":"SearchAction","target":{"@type":"EntryPoint","urlTemplate":"https:\/\/www.smj.fo\/da\/?s={search_term_string}"},"query-input":{"@type":"PropertyValueSpecification","valueRequired":true,"valueName":"search_term_string"}}],"inLanguage":"da-DK"}]}},"_links":{"self":[{"href":"https:\/\/www.smj.fo\/da\/wp-json\/wp\/v2\/project\/4916","targetHints":{"allow":["GET"]}}],"collection":[{"href":"https:\/\/www.smj.fo\/da\/wp-json\/wp\/v2\/project"}],"about":[{"href":"https:\/\/www.smj.fo\/da\/wp-json\/wp\/v2\/types\/project"}],"wp:featuredmedia":[{"embeddable":true,"href":"https:\/\/www.smj.fo\/da\/wp-json\/wp\/v2\/media\/2004"}],"wp:attachment":[{"href":"https:\/\/www.smj.fo\/da\/wp-json\/wp\/v2\/media?parent=4916"}],"wp:term":[{"taxonomy":"country","embeddable":true,"href":"https:\/\/www.smj.fo\/da\/wp-json\/wp\/v2\/country?post=4916"},{"taxonomy":"project_category","embeddable":true,"href":"https:\/\/www.smj.fo\/da\/wp-json\/wp\/v2\/project_category?post=4916"}],"curies":[{"name":"wp","href":"https:\/\/api.w.org\/{rel}","templated":true}]}}

Opdatering og udvidelse af Kringvarp Føroya

<div class="wp-block-columns is-layout-flex wp-container-core-columns-is-layout-9d6595d7 wp-block-columns-is-layout-flex">
<div class="wp-block-column is-layout-flow wp-block-column-is-layout-flow">
<p>Der er tale om en om- og udbygning af bygningen i Sortudýki for Kringvarp Føroya.</p>



<p>Som led i sammenlægningen af Sjónvarp Føroya og Útvarp Føroya, blev den eksisterende bygning i Sortudýki omstruktureret og indrettet på ny, ligesom den eksisterende bygning udvidedes. Der er tale om en administrationsbygning og en produktionsbygning, som stiller høje krav til lydforhold.</p>
</div>



<div class="wp-block-column is-layout-flow wp-block-column-is-layout-flow">
<div id="details_block_0b9610097b60ff37868c77a1e2e4b02f" class="lunnar-details">

    

                        <div class="detail-row">
                <div class="detail-title">
                    Årstal                </div>

                <div class="detail-value">
                    2013                </div>
            </div>
                    <div class="detail-row">
                <div class="detail-title">
                    Bygherre                </div>

                <div class="detail-value">
                    Landsverk                </div>
            </div>
                    <div class="detail-row">
                <div class="detail-title">
                    Rådgivere                </div>

                <div class="detail-value">
                    Kontrast, LBF og SMJ                </div>
            </div>
            </div></div>
</div>



<div style="height:100px" aria-hidden="true" class="wp-block-spacer"></div>



<div class="wp-block-columns is-layout-flex wp-container-core-columns-is-layout-9d6595d7 wp-block-columns-is-layout-flex">
<div class="wp-block-column is-vertically-aligned-center is-layout-flow wp-block-column-is-layout-flow">
<h2 class="wp-block-heading">Vil du vide mere?</h2>



<p>Hvis du ønsker at vide mere om projektet, eller hvis du har lyst til en snak med en af vores medarbejdere, er du velkommen til at kontakte os.</p>



<div class="wp-block-buttons is-layout-flex wp-block-buttons-is-layout-flex">
<div class="wp-block-button"><a class="wp-block-button__link has-white-color has-fresh-green-background-color has-text-color has-background has-link-color wp-element-button">Ring 23 35 25</a></div>



<div class="wp-block-button is-style-outline is-style-outline--1"><a class="wp-block-button__link has-dark-color has-text-color has-link-color wp-element-button" href="ana@smj.fo">Kontakt</a></div>
</div>
</div>



<div class="wp-block-column is-layout-flow wp-block-column-is-layout-flow"></div>



<div class="wp-block-column is-layout-flow wp-block-column-is-layout-flow">
<div id="employees_block_b0a5a54c9ead68e15ebe69137141e256" class="lunnar-employees ">

    
    </div></div>
</div>



<div style="height:100px" aria-hidden="true" class="wp-block-spacer"></div>

<!-- This site is optimized with the Yoast SEO plugin v27.5 - https://yoast.com/product/yoast-seo-wordpress/ -->
<title>Opdatering og udvidelse af Kringvarp Føroya - SMJ</title>
<meta name="robots" content="index, follow, max-snippet:-1, max-image-preview:large, max-video-preview:-1" />
<link rel="canonical" href="https://www.smj.fo/da/project/dagforing-og-vidkan-av-kringvarp-foroya/" />
<meta property="og:locale" content="da_DK" />
<meta property="og:type" content="article" />
<meta property="og:title" content="Opdatering og udvidelse af Kringvarp Føroya - SMJ" />
<meta property="og:description" content="Der er tale om en om- og udbygning af bygningen i Sortudýki for Kringvarp Føroya. Som led i sammenlægningen af Sjónvarp Føroya og Útvarp Føroya, blev den eksisterende bygning i Sortudýki omstruktureret og indrettet på ny, ligesom den eksisterende bygning udvidedes. Der er tale om en administrationsbygning og en produktionsbygning, som stiller høje krav til [&hellip;]" />
<meta property="og:url" content="https://www.smj.fo/da/project/dagforing-og-vidkan-av-kringvarp-foroya/" />
<meta property="og:site_name" content="SMJ" />
<meta property="article:modified_time" content="2024-03-14T09:19:15+00:00" />
<meta property="og:image" content="http://www.smj.fo/wp-content/uploads/2023/12/Kringvarp_Foroya_building.jpg" />
	<meta property="og:image:width" content="600" />
	<meta property="og:image:height" content="400" />
	<meta property="og:image:type" content="image/jpeg" />
<meta name="twitter:card" content="summary_large_image" />
<meta name="twitter:label1" content="Estimeret læsetid" />
	<meta name="twitter:data1" content="1 minut" />
<script type="application/ld+json" class="yoast-schema-graph">{"@context":"https:\/\/schema.org","@graph":[{"@type":"WebPage","@id":"https:\/\/www.smj.fo\/da\/project\/dagforing-og-vidkan-av-kringvarp-foroya\/","url":"https:\/\/www.smj.fo\/da\/project\/dagforing-og-vidkan-av-kringvarp-foroya\/","name":"Opdatering og udvidelse af Kringvarp Føroya - SMJ","isPartOf":{"@id":"https:\/\/www.smj.fo\/da\/#website"},"primaryImageOfPage":{"@id":"https:\/\/www.smj.fo\/da\/project\/dagforing-og-vidkan-av-kringvarp-foroya\/#primaryimage"},"image":{"@id":"https:\/\/www.smj.fo\/da\/project\/dagforing-og-vidkan-av-kringvarp-foroya\/#primaryimage"},"thumbnailUrl":"https:\/\/www.smj.fo\/wp-content\/uploads\/2023\/12\/Kringvarp_Foroya_building.jpg","datePublished":"2023-12-18T12:00:22+00:00","dateModified":"2024-03-14T09:19:15+00:00","breadcrumb":{"@id":"https:\/\/www.smj.fo\/da\/project\/dagforing-og-vidkan-av-kringvarp-foroya\/#breadcrumb"},"inLanguage":"da-DK","potentialAction":[{"@type":"ReadAction","target":["https:\/\/www.smj.fo\/da\/project\/dagforing-og-vidkan-av-kringvarp-foroya\/"]}]},{"@type":"ImageObject","inLanguage":"da-DK","@id":"https:\/\/www.smj.fo\/da\/project\/dagforing-og-vidkan-av-kringvarp-foroya\/#primaryimage","url":"https:\/\/www.smj.fo\/wp-content\/uploads\/2023\/12\/Kringvarp_Foroya_building.jpg","contentUrl":"https:\/\/www.smj.fo\/wp-content\/uploads\/2023\/12\/Kringvarp_Foroya_building.jpg","width":600,"height":400},{"@type":"BreadcrumbList","@id":"https:\/\/www.smj.fo\/da\/project\/dagforing-og-vidkan-av-kringvarp-foroya\/#breadcrumb","itemListElement":[{"@type":"ListItem","position":1,"name":"Home","item":"https:\/\/www.smj.fo\/da\/"},{"@type":"ListItem","position":2,"name":"Opdatering og udvidelse af Kringvarp Føroya"}]},{"@type":"WebSite","@id":"https:\/\/www.smj.fo\/da\/#website","url":"https:\/\/www.smj.fo\/da\/","name":"SMJ","description":"","potentialAction":[{"@type":"SearchAction","target":{"@type":"EntryPoint","urlTemplate":"https:\/\/www.smj.fo\/da\/?s={search_term_string}"},"query-input":{"@type":"PropertyValueSpecification","valueRequired":true,"valueName":"search_term_string"}}],"inLanguage":"da-DK"}]}</script>
<!-- / Yoast SEO plugin. -->

Opdatering og udvidelse af Kringvarp Føroya - SMJ

Der er tale om en om- og udbygning af bygningen i Sortudýki for Kringvarp Føroya. Som led i sammenlægningen af Sjónvarp Føroya og Útvarp Føroya, blev den eksisterende bygning i Sortudýki omstruktureret og indrettet på ny, ligesom den eksisterende bygning udvidedes. Der er tale om en administrationsbygning og en produktionsbygning, som stiller høje krav til [&hellip;]
